of 644?
True
Is 17 a factor of 6110?
False
Is 122622 a multiple of 88?
False
Is 5258 a multiple of 11?
True
Is 368 a multiple of 19?
False
Does 5 divide 355?
True
Does 32 divide 85184?
True
Does 16 divide 577?
False
Does 22 divide 95923?
False
Is 116 a factor of 8700?
True
Is 80 a multiple of 17?
False
Is 945 a multiple of 13?
False
Is 563 a multiple of 67?
False
Is 1209 even?
False
Is 1735 a multiple of 6?
False
Is 26 a factor of 1302?
False
Is 752 a multiple of 8?
True
Is 6 a factor of 144?
True
Does 4 divide 83?
False
Is 15673 a multiple of 7?
True
Is 13 a factor of 676?
True
Is 115 a factor of 31395?
True
Does 43 divide 3517?
False
Is 3111 a multiple of 23?
False
Is 10830 a multiple of 15?
True
Is 13 a multiple of 7?
False
Is 2934 a multiple of 15?
False
Is 57 a multiple of 2?
False
Is 60 a factor of 4620?
True
Is 2970 a multiple of 15?
True
Is 13 a factor of 203?
False
Is 252 a multiple of 9?
True
Is 492 a multiple of 21?
False
Is 1886 a multiple of 5?
False
Does 13 divide 17848?
False
Is 57 a factor of 125400?
True
Is 6058 a multiple of 51?
False
Does 21 divide 22782?
False
Does 89 divide 10947?
True
Is 12 a factor of 1860?
True
Does 22 divide 1606?
True
Does 100 divide 94700?
True
Is 88 a factor of 6543?
False
Is 7 a factor of 30289?
True
Is 41 a factor of 24764?
True
Is 18421 a multiple of 10?
False
Does 3 divide 874?
False
Is 4457 even?
False
Is 15 a factor of 165?
True
Is 8 a factor of 128?
True
Is 3570 a multiple of 7?
True
Does 132 divide 42536?
False
Does 71 divide 802?
False
Does 21 divide 617?
False
Is 4370 a multiple of 118?
False
Is 19829 a multiple of 96?
False
Is 24 a factor of 2747?
False
Does 15 divide 833?
False
Is 69 a multiple of 3?
True
Is 17 a factor of 7973?
True
Is 13608 a multiple of 21?
True
Is 1755 a multiple of 32?
False
Does 36 divide 2916?
True
Is 5704 a multiple of 62?
True
Is 12 a factor of 73063?
False
Is 12 a factor of 2004?
True
Is 13 a factor of 7549?
False
Does 20 divide 14485?
False
Is 9074 a multiple of 172?
False
Is 20 a factor of 800?
True
Is 529 a multiple of 23?
True
Is 19 a factor of 1178?
True
Is 12 a factor of 2196?
True
Is 22506 a multiple of 62?
True
Is 11617 a multiple of 8?
False
Does 2 divide 1148?
True
Is 820 a multiple of 11?
False
Does 84 divide 16296?
True
Does 8 divide 70?
False
Does 22 divide 176?
True
Does 24 divide 3236?
False
Does 197 divide 26201?
True
Is 3072 a multiple of 6?
True
Is 108 a factor of 1728?
True
Does 81 divide 9263?
False
Is 15 a factor of 29610?
True
Does 13 divide 4825?
False
Does 25 divide 932?
False
Is 1200 a multiple of 20?
True
Is 2379 a multiple of 61?
True
Does 56 divide 1120?
True
Is 12 a factor of 418?
False
Is 368 a multiple of 3?
False
Does 8 divide 2640?
True
Is 33025 a multiple of 28?
False
Is 69 a factor of 59936?
False
Does 39 divide 1326?
True
Is 152 a multiple of 12?
False
Is 22070 a multiple of 198?
False
Is 19 a factor of 49?
False
Is 118792 a multiple of 62?
True
Is 517 a multiple of 4?
False
Is 1295 a multiple of 37?
True
Is 271 a multiple of 13?
False
Does 10 divide 662?
False
Is 4 a factor of 1337?
False
Does 139 divide 14595?
True
Is 525 a multiple of 175?
True
Is 5101 a multiple of 8?
False
Is 21 a factor of 21?
True
Does 43 divide 1707?
False
Is 53 a factor of 6837?
True
Is 81 a factor of 12423?
False
Is 440 a multiple of 22?
True
Is 64 a factor of 30336?
True
Does 11 divide 1486?
False
Is 13 a factor of 468?
True
Is 21 a factor of 5216?
False
Does 9 divide 10521?
True
Does 62 divide 36866?
False
Is 836 a multiple of 4?
True
Is 32 a multiple of 10?
False
Does 18 divide 12657?
False
Is 73 a factor of 7266?
False
Is 20227 a multiple of 32?
False
Is 2596 a multiple of 44?
True
Does 8 divide 10608?
True
Is 2200 a multiple of 100?
True
Is 74275 a multiple of 24?
False
Is 49382 a multiple of 13?
False
Does 5 divide 205?
True
Does 3 divide 96?
True
Is 4442 a multiple of 25?
False
Is 2132 a multiple of 13?
True
Does 11 divide 2651?
True
Does 26 divide 1777?
False
Is 83808 a multiple of 54?
True
Is 15 a factor of 3330?
True
Does 15 divide 7275?
True
Is 188 a multiple of 4?
True
Is 20 a factor of 1140?
True
Is 5126 a multiple of 11?
True
Does 5 divide 47?
False
Is 30 a factor of 43593?
False
Does 3 divide 970?
False
Is 25 a factor of 100918?
False
Does 51 divide 204?
True
Is 127 a factor of 1016?
True
Is 159 a factor of 29892?
True
Does 7 divide 868?
True
Is 27 a factor of 11151?
True
Is 6239 a multiple of 75?
False
Is 27 a factor of 2032?
False
Is 12 a factor of 18015?
False
Is 183 a multiple of 5?
False
Is 17 a factor of 1547?
True
Is 65 a factor of 12302?
False
Does 99 divide 63724?
False
Is 60 a factor of 3240?
True
Is 134 a factor of 12144?
False
Is 45 a factor of 3179?
False
Does 212 divide 20267?
False
Is 166 a factor of 4482?
True
Is 3 a factor of 64?
False
Is 3800 a multiple of 100?
True
Is 1089 a multiple of 11?
True
Is 1044 a multiple of 116?
True
Does 114 divide 48792?
True
Is 2052 a multiple of 27?
True
Does 72 divide 308?
False
Does 90 divide 16290?
True
Is 72 a factor of 801?
False
Is 81 a factor of 9234?
True
Does 15 divide 3780?
True
Does 10 divide 28947?
False
Does 3 divide 112?
False
Is 28 a factor of 11589?
False
Is 9530 a multiple of 10?
True
Does 5 divide 7018?
False
Is 230 a factor of 86020?
True
Does 10 divide 617?
False
Does 14 divide 2101?
False
Is 28 a factor of 22232?
True
Is 6 a factor of 45450?
True
Is 559 a multiple of 14?
False
Is 42 a factor of 6090?
True
Is 120 a factor of 1625?
False
Is 19 a factor of 3045?
False
Is 72 a factor of 1584?
True
Is 79 a factor of 1473?
False
Does 88 divide 985?
False
Does 12 divide 5592?
True
Does 294 divide 31219?
False
Is 11 a factor of 540?
False
Does 12 divide 1140?
True
Does 241 divide 44826?
True
Is 7 a factor of 91?
True
Is 6600 a multiple of 11?
True
Is 108326 a multiple of 131?
False
Is 6 a factor of 154?
False
Is 6 a factor of 408?
True
Is 228 a multiple of 5?
False
Does 43 divide 447?
False
Does 40 divide 527?
False
Is 86 a factor of 27434?
True
Is 13287 a multiple of 43?
True
Is 46250 a multiple of 112?
False
Is 174 a factor of 9222?
True
Is 2247 a multiple of 20?
False
Is 34 a factor of 3468?
True
Does 118 divide 11498?
False
Does 19 divide 532?
True
Is 574 a multiple of 7?
True
Is 280 a multiple of 4?
True
Is 16 a factor of 64?
True
Is 21 a factor of 126299?
False
Does 150 divide 22655?
False
Is 40110 a multiple of 42?
True
Is 8797 a multiple of 26?
False
Is 2832 a multiple of 7?
False
Does 23 divide 27899?
True
Does 5 divide 4805?
True
Is 4011 a multiple of 21?
True
Is 96 a factor of 3360?
True
Is 14664 a multiple of 188?
True
Does 8 divide 3328?
True
Is 203 a multiple of 8?
False
Is 16 a factor of 722?
False
Is 12 a factor of 813?
False
Is 9 a factor of 3453?
False
Is 4 a factor of 4976?
True
Does 27 divide 190350?
True
Is 3794 a multiple of 14?
True
Is 2979 a multiple of 28?
False
Is 16 a factor of 725?
False
Does 47 divide 1128?
True
Does 39 divide 234?
True
Does 15 divide 8599?
False
Does 8 divide 10240?
True
Is 75 a factor of 8973?
False
Is 6 a factor of 2160?
True
Does 33 divide 30624?
True
Is 15246 a multiple of 16?
False
Is 33115 a multiple of 29?
False
Is 28 a factor of 140?
True
Is 1887 a multiple of 37?
True
Is 8 a factor of 1952?
True
Is 87 a factor of 38454?
True
Is 10 a factor of 1150?
True
Is 19 a factor of 285?
True
Is 163286 a multiple of 91?
False
Does 13 divide 1650?
False
Is 6917 a multiple of 25?
False
Is 680 a multiple of 17?
True
Is 5136 a multiple of 16?
True
Is 36 a factor of 11412?
True
Is 216 a multiple of 18?
True
Is 8 a factor of 520?
True
Does 23 divide 7682?
True
Is 15 a factor of 8528?
False
Is 7660 a multiple of 68?
False
Is 31 a factor of 14511?
False
Is 4483 a multiple of 3?
False
Is 11 a factor of 363?
True
Is 649 a multiple of 3?
False
Is 6647 a multiple of 23?
True
Does 3 divide 69?
True
Is 2828 a multiple of 28?
True
Is 38 a factor of 7782?
False
Is 12536 a multiple of 165?
False
Does 8 divide 1728?
True
Is 445 a multiple of 5?
True
Does 70 divide 137200?
True
Is 36 a factor of 396?
True
Is 13070 a multiple of 15?
False
Is 18 a factor of 876?
False
Is 73410 a multiple of 28?
False
Is 101 a factor of 7255?
False
Is 63 a factor of 41516?
False
Is 1521 a multiple of 30?
False
Does 7 divide 1540?
True
Is 12257 a multiple of 37?
F